) to base 14.
-dda
Convert 26710 (base 8) to base 4.
2313020
Convert -119a (base 13) to base 4.
-212331
What is 1034421 (base 5) in base 11?
12675
15311 (base 6) to base 15
b11
What is -10101 (base 5) in base 2?
-1010001011
Convert -102030 (base 4) to base 13.
-6b7
-204033 (base 6) to base 4
-10000311
42552 (base 11) to base 15
1350d
-1473 (base 9) to base 16
-45f
Convert -142102 (base 6) to base 7.
-54104
Convert 23142 (base 5) to base 8.
3210
What is -211b (base 14) in base 16?
-164d
Convert 665 (base 8) to base 10.
437
-1101000101111 (base 2) to base 4
-1220233
What is -91 (base 12) in base 9?
-131
What is 101000001111 (base 2) in base 13?
1231
What is 11045 (base 7) in base 4?
223121
What is 299 (base 10) in base 12?
20b
What is 632 (base 7) in base 4?
10331
What is -23223 (base 4) in base 15?
-34c
What is -102300 (base 4) in base 9?
-1573
Convert -245 (base 12) to base 4.
-11111
557 (base 15) to base 10
1207
Convert 2351 (base 6) to base 15.
281
1100111001 (base 2) to base 12
589
What is -336520 (base 7) in base 4?
-32220211
3d41 (base 15) to base 7
53140
Convert 30444 (base 11) to base 9.
66874
What is -14c9 (base 16) in base 7?
-21341
What is 685a (base 11) in base 8?
21473
-3975 (base 10) to base 12
-2373
Convert 1211 (base 13) to base 16.
9f5
Convert 436 (base 7) to base 12.
167
b0d (base 14) to base 9
2870
-521 (base 9) to base 14
-224
What is -48d4 (base 16) in base 2?
-100100011010100
What is -c30 (base 13) in base 2?
-100000010011
101100001011 (base 2) to base 7
11146
What is -1253 (base 8) in base 14?
-36b
Convert 101130 (base 4) to base 11.
925
Convert -98b (base 16) to base 9.
-3314
15706 (base 9) to base 6
121523
What is 11888 (base 10) in base 12?
6a68
Convert 101100010100 (base 2) to base 9.
3801
Convert 111340 (base 6) to base 4.
2103030
What is -510 (base 14) in base 5?
-12434
Convert 1320 (base 7) to base 16.
1f8
Convert -9d (base 16) to base 15.
-a7
What is -fd2 (base 16) in base 9?
-5500
What is 7c7a (base 13) in base 15?
52c3
21665 (base 7) to base 4
1111232
What is 2533 (base 6) in base 9?
773
Convert -34133 (base 5) to base 4.
-211302
-6f9 (base 16) to base 5
-24120
What is -172 (base 9) in base 7?
-266
Convert -1782 (base 13) to base 4.
-312132
1001100110111 (base 2) to base 4
1030313
Convert -1d4a (base 16) to base 3.
-101021201
What is -11542 (base 9) in base 4?
-1320311
What is -111102102 (base 3) in base 2?
-10011000111001
Convert 431 (base 6) to base 12.
117
Convert 381 (base 12) to base 5.
4104
Convert d05 (base 14) to base 6.
15453
Convert -712 (base 12) to base 7.
-2660
1062 (base 10) to base 2
10000100110
What is 34126 (base 8) in base 13?
6745
Convert 512d (base 14) to base 11.
a539
-50200 (base 7) to base 10
-12103
What is -216 (base 13) in base 12?
-259
4b56 (base 14) to base 12
7788
Convert -133311 (base 4) to base 3.
-2210110
-441 (base 7) to base 11
-195
What is -122 (base 12) in base 10?
-170
-15143 (base 8) to base 9
-10235
What is 1020000 (base 3) in base 10?
891
What is -103303 (base 6) in base 7?
-33612
Convert -4c1 (base 13) to base 11.
-698
Convert e61 (base 15) to base 12.
1a61
What is 2001 (base 3) in base 2?
110111
Convert -101222202 (base 3) to base 9.
-11882
What is -603 (base 8) in base 12?
-283
403 (base 9) to base 2
101000111
-271b (base 16) to base 10
-10011
What is -9922 (base 10) in base 9?
-14544
Convert -29c (base 13) to base 10.
-467
Convert 494a (base 12) to base 3.
102100011
Convert -35325 (base 6) to base 15.
-1798
What is 44244 (base 5) in base 2?
110000000010
Convert -3541 (base 12) to base 16.
-1741
Convert -11440 (base 7) to base 12.
-1874
1360 (base 12) to base 15
9dc
What is -53304 (base 6) in base 11?
-5492
-9a8 (base 11) to base 14
-623
Convert -16443 (base 10) to base 4.
-10000323
Convert 1784 (base 9) to base 16.
55c
Convert -1069 (base 10) to base 5.
-13234
-4201 (base 5) to base 15
-26b
What is -121122 (base 3) in base 10?
-449
Convert 9cd (base 15) to base 6.
14134
What is -23151 (base 7) in base 8?
-13434
6b8 (base 16) to base 14
8ac
Convert 65062 (base 7) to base 3.
211011201
Convert -1000111001 (base 2) to base 6.
-2345
Convert 14020 (base 6) to base 2.
100001111100
Convert 122166 (base 8) to base 10.
42102
What is -1605 (base 9) in base 10?
-1220
Convert -2100013 (base 4) to base 3.
-110122121
-1111011111 (base 2) to base 4
-33133
What is 41204 (base 7) in base 6?
114305
What is -781 (base 12) in base 8?
-2121
What is 1190 (base 12) in base 4?
132330
-1132210 (base 4) to base 7
-23434
What is -503 (base 15) in base 8?
-2150
What is 98 (base 11) in base 2?
1101011
-3353 (base 8) to base 10
-1771
-4610 (base 7) to base 5
-23143
What is 4020 (base 16) in base 5?
1011131
-2002120 (base 3) to base 11
-1169
Convert 120000 (base 3) to base 5.
3110
What is 11723 (base 9) in base 2?
1111011000110
9133 (base 16) to base 6
444031
5265 (base 7) to base 16
744
What is 3811 (base 13) in base 12?
4731
24771 (base 11) to base 16
8acb
-400 (base 13) to base 16
-2a4
11010100100110 (base 2) to base 6
142554
-375 (base 12) to base 5
-4041
What is -100000110000 (base 2) in base 16?
-830
What is -11001 (base 4) in base 11?
-272
-1333 (base 7) to base 14
-28a
What is -1012121212 (base 3) in base 13?
-aa96
-1901 (base 11) to base 3
-10022200
Convert -1100001011 (base 2) to base 4.
-30023
Convert -27e (base 15) to base 3.
-210002
Convert 71 (base 16) to base 6.
305
6b23 (base 12) to base 13
55b6
-4421 (base 6) to base 12
-711
-216 (base 16) to base 12
-386
530 (base 8) to base 4
11120
Convert 404 (base 7) to base 3.
21102
-3d9 (base 15) to base 6
-4023
What is -26424 (base 11) in base 13?
-14270
-880 (base 12) to base 6
-5440
What is -2002021 (base 3) in base 15?
-6b4
Convert 2ac9c (base 13) to base 7.
455610
13542 (base 14) to base 12
2371a
Convert 333011 (base 4) to base 5.
112122
2dd (base 16) to base 5
10413
What is -496 (base 11) in base 15?
-294
-110111001 (base 2) to base 4
-12321
-10012320 (base 4) to base 9
-25063
Convert -21538 (base 11) to base 6.
-400415
Convert 5b05 (base 13) to base 15.
3c19
2580 (base 11) to base 12
1b37
Convert -128 (base 12) to base 11.
-150
43 (base 7) to base 11
29
Convert 2204 (base 7) to base 10.
788
Convert 13a2 (base 12) to base 14.
b90
Convert -64531 (base 7) to base 10.
-16045
What is -323444 (base 6) in base 11?
-190aa
What is -1d8 (base 15) in base 10?
-428
What is c58 (base 14) in base 11?
190a
Convert 1052 (base 6) to base 16.
f8
What is -513 (base 6) in base 7?
-360
What is 953 (base 12) in base 13?
807
2798 (base 10) to base 15
c68
Convert 543 (base 10) to base 14.
2ab
What is -726 (base 10) in base 15?
-336
-331442 (base 5) to base 4
-2303221
-a809 (base 12) to base 11
-12945
What is 2d12 (base 14) in base 8?
17564
533 (base 7) to base 9
328
What is -99 (base 11) in base 15?
-73
Convert 70706 (base 9) to base 10.
46500
What is -26851 (base 11) in base 3?
-1221112020
Convert -a286 (base 14) to base 15.
-8435
What is -21237 (base 8) in base 9?
-13137
11622 (base 11) to base 12
9816
Convert 11320013 (base 4) to base 9.
36015
What is -1561 (base 8) in base 15?
-3db
1061 (base 13) to base 6
14312
Convert -533 (base 7) to base 14.
-153
Convert 11245 (base 6) to base 9.
2182
Convert -324 (base 6) to base 7.
-235
Convert 523 (base 8) to base 13.
201
Convert 1010122 (base 4) to base 12.
264a
What is -651 (base 10) in base 13?
-3b1
What is 3a (base 15) in base 3?
2001
-349 (base 10) to base 7
-1006
125 (base 9) to base 10
104
What is -122111 (base 6) in base 13?
-4c21
-10741 (base 11) to base 5
-444113
-1213211 (base 5) to base 16
-5993
-411201 (base 6) to base 15
-9a44
-1200 (base 5) to base 13
-106
275 (base 8) to base 15
c9
Convert -93 (base 12) to base 16.
-6f
-2b33 (base 14) to base 7
-31263
-10101000010010 (base 2) to base 4
-2220102
Convert -1040044 (base 5) to base 16.
-46e5
What is -9077 (base 10) in base 7?
-35315
What is -15c (base 15) in base 13?
-1b0
366242 (base 7) to base 2
10000010111000101
What is -2300 (base 10) in base 13?
-107c
Convert -1431 (base 9) to base 4.
-100321
Convert 100102001 (base 3) to base 2.
1101011001011
What is -7221 (base 10) in base 14?
-28bb
Convert 2317 (base 12) to base 5.
111112
Convert 33333 (base 8) to base 9.
21233
-10740 (base 8) to base 9
-6244
What is -316 (base 12) in base 5?
-3300
Convert -11